{"id":2374,"date":"2014-06-02T15:16:46","date_gmt":"2014-06-02T13:16:46","guid":{"rendered":"http:\/\/www.flexibook.es\/?page_id=2374"},"modified":"2021-09-10T17:32:15","modified_gmt":"2021-09-10T15:32:15","slug":"aviso-legal-y-lopd","status":"publish","type":"page","link":"https:\/\/www.flexibook.es\/?page_id=2374","title":{"rendered":"Aviso Legal y LOPD"},"content":{"rendered":"<p style=\"text-align: justify;\">La titularidad del presente dominio corresponde a Ana Gonz\u00e1lez Madrid\u00a0 con NIF 29 178 336F y cuyo domicilio es la calle Cronista Vicente Vidal, 3 de Valencia (46.023). Espa\u00f1a<\/p>\n<p style=\"text-align: justify;\">El nombre comercial es Flexibook.es (en adelante la editorial) y se dedica a la \u201cedici\u00f3n de libros por encargo\u201d como refleja el alta en el ep\u00edgrafe 476.1 del IAE. Si desea ponerse en contacto con la editorial puede hacerlo a trav\u00e9s del correo: www.flexibook.es o en el tel\u00e9fono 601.101.849<\/p>\n<p style=\"text-align: justify;\"><strong>Sobre el Aviso Legal<\/strong><\/p>\n<p style=\"text-align: justify;\">El objeto de este aviso legal es presentar las condiciones generales que regulan el acceso, navegaci\u00f3n y uso del sitio web, as\u00ed como las responsabilidades derivadas de la utilizaci\u00f3n de sus contenidos.<\/p>\n<p style=\"text-align: justify;\">Adicionalmente a estas condiciones generales, LA EDITORIAL podr\u00e1 establecer condiciones particulares que regulen la utilizaci\u00f3n o contrataci\u00f3n de servicios espec\u00edficos ofrecidos a trav\u00e9s de su web. En caso de discrepancia entre lo que se establece en estas condiciones generales y las condiciones particulares de un servicio, prevalecer\u00e1 lo dispuesto en estas \u00faltimas.<\/p>\n<p style=\"text-align: justify;\">Al utilizar este sitio web usted acepta los t\u00e9rminos y condiciones que a continuaci\u00f3n se establecen, y se hace responsable de la capacidad legal para celebrar y responder por el siguiente contrato.<\/p>\n<p style=\"text-align: justify;\"><strong>Uso de este sitito web, sus contenidos y servicios<\/strong><\/p>\n<p style=\"text-align: justify;\">El Usuario se compromete a utilizar este sitio web y sus servicios y contenidos de forma correcta y l\u00edcita, de acuerdo con la legislaci\u00f3n vigente, la buena fe, los usos generalmente aceptados y el orden p\u00fablico. En caso contrario se ver\u00e1 obligado a indemnizar a La EDITORIAL por los da\u00f1os que le pueda ocasionar.<\/p>\n<p style=\"text-align: justify;\">Se obliga asimismo a no realizar a trav\u00e9s de los servicios que ofrece la web, actividades publicitarias o de explotaci\u00f3n comercial y a no remitir mensajes utilizando una identidad falsa.<\/p>\n<p style=\"text-align: justify;\">Deber\u00e1 respetar las restricciones de uso de la web y de los servicios ofertados por LA EDITORIAL en cada momento. De ah\u00ed, que no podr\u00e1 acceder a \u00e1reas restringidas sin cumplir con las condiciones exigidas para dicho acceso.<\/p>\n<p style=\"text-align: justify;\">LA EDITORIAL no garantiza la licitud, fiabilidad y utilidad de los contenidos que los usuarios transmitan a la web, as\u00ed como su veracidad o exactitud, ni el uso que los usuarios hacen del portal.<\/p>\n<p style=\"text-align: justify;\">Tampoco puede garantizar la ausencia de virus inform\u00e1ticos en los servicios prestados por terceros, que puedan producir alteraciones en su sistema inform\u00e1tico (software y hardware) o en los documentos y ficheros electr\u00f3nicos almacenados en sus equipos. Los dispositivos de enlace que la web pone a disposici\u00f3n de los usuarios tienen por \u00fanico objeto facilitar a los mismos la b\u00fasqueda de la informaci\u00f3n disponible en Internet.<\/p>\n<p style=\"text-align: justify;\">La Editorial podr\u00e1 interrumpir el servicio de la web que est\u00e9 siendo utilizado por el usuario y resolver de modo inmediato su relaci\u00f3n, si detecta un uso de dicha web o de cualquiera de los servicios que en el mismo se ofertan que pueda considerar contrario a las presentes Condiciones Generales.<\/p>\n<p style=\"text-align: justify;\">Se reserva el derecho de dejar de prestar cualquiera de los servicios ofrecidos, bastando para ello comunicarlo en la pantalla de acceso al servicio. Se reserva, asimismo, el derecho de modificar unilateralmente, en cualquier momento y sin previo aviso, la presentaci\u00f3n y condiciones, as\u00ed como los servicios ofertados y las condiciones requeridas para su utilizaci\u00f3n.<\/p>\n<p style=\"text-align: justify;\">La Editorial podr\u00e1, en cualquier momento, modificar las presentes Condiciones Generales o introducir nuevas condiciones de uso de la web y\/ o de los servicios en \u00e9l ofertados, incluido el cese de la gratuidad. Dichas modificaciones s\u00f3lo ser\u00e1n de aplicaci\u00f3n a partir de su entrada en vigor.<\/p>\n<p style=\"text-align: justify;\">Las partes, con expresa renuncia a su propio fuero, aceptan como legislaci\u00f3n rectora del presente contrato, la espa\u00f1ola ya que esta editorial no presta servicios fuera del ambito nacional, y se someten para la resoluci\u00f3n de cuantos litigios pudieran derivarse del mismo a los Juzgados y Tribunales de Valencia.<\/p>\n<p style=\"text-align: justify;\"><strong>PROTECCI\u00d3N DE DATOS<\/strong><\/p>\n<p style=\"text-align: justify;\">De acuerdo con la Ley Org\u00e1nica de Protecci\u00f3n de Datos de Car\u00e1cter Personal (LO 15\/1999 de 13 de diciembre), los datos proporcionados por los clientes se incorporaran a un fichero cuyo nombre es \u201cFormulario Fichero\u201d y que aparece debidamente inscrito en la \u201cAgencia Espa\u00f1ola de Protecci\u00f3n de Datos\u201d con el c\u00f3digo de inscripci\u00f3n n\u00ba 2132420773.<\/p>\n<p style=\"text-align: justify;\">El uso del citado fichero tiene como \u00fanica finalidad, garantizar un correcto proceso de las transacciones y compras realizadas, su env\u00edo y la correspondiente facturaci\u00f3n. De ah\u00ed, que presta su consentimiento para que ciertos datos puedan ser comunicados a las empresas de mensajer\u00eda o el servicio postal, con los que trabaja la editorial, con el fin de poder remitirles los libros.<\/p>\n<p style=\"text-align: justify;\">De conformidad con la citada LO 15\/1999, de 13 de diciembre, de Protecci\u00f3n de Datos de Car\u00e1cter Personal, le informamos de que cuenta con los derechos de acceso, rectificaci\u00f3n y cancelaci\u00f3n, as\u00ed como la posibilidad de revocar su consentimiento para el env\u00edo de informaci\u00f3n sobre nuestras actividades, poni\u00e9ndose en contacto a trav\u00e9s del correo electr\u00f3nico a info@flexibook.es o por carta a la direcci\u00f3n, C\/ Cronista Vicente Vidal, 3 Valencia (46023) Tel. 601.101.849<\/p>\n","protected":false},"excerpt":{"rendered":"<p>La titularidad del presente dominio corresponde a Ana Gonz\u00e1lez Madrid\u00a0 con NIF 29 178 336F y cuyo domicilio es la calle Cronista Vicente Vidal, 3 de Valencia (46.023). Espa\u00f1a El nombre comercial es Flexibook.es (en adelante la editorial) y se dedica a la \u201cedici\u00f3n de libros por encargo\u201d como refleja el alta en el ep\u00edgrafe [&hellip;]<\/p>\n","protected":false},"author":183,"featured_media":0,"parent":0,"menu_order":0,"comment_status":"open","ping_status":"open","template":"","meta":{"_et_pb_use_builder":"","_et_pb_old_content":"","_et_gb_content_width":"","footnotes":""},"class_list":["post-2374","page","type-page","status-publish","hentry"],"_links":{"self":[{"href":"https:\/\/www.flexibook.es\/index.php?rest_route=\/wp\/v2\/pages\/2374","targetHints":{"allow":["GET"]}}],"collection":[{"href":"https:\/\/www.flexibook.es\/index.php?rest_route=\/wp\/v2\/pages"}],"about":[{"href":"https:\/\/www.flexibook.es\/index.php?rest_route=\/wp\/v2\/types\/page"}],"author":[{"embeddable":true,"href":"https:\/\/www.flexibook.es\/index.php?rest_route=\/wp\/v2\/users\/183"}],"replies":[{"embeddable":true,"href":"https:\/\/www.flexibook.es\/index.php?rest_route=%2Fwp%2Fv2%2Fcomments&post=2374"}],"version-history":[{"count":9,"href":"https:\/\/www.flexibook.es\/index.php?rest_route=\/wp\/v2\/pages\/2374\/revisions"}],"predecessor-version":[{"id":10646,"href":"https:\/\/www.flexibook.es\/index.php?rest_route=\/wp\/v2\/pages\/2374\/revisions\/10646"}],"wp:attachment":[{"href":"https:\/\/www.flexibook.es\/index.php?rest_route=%2Fwp%2Fv2%2Fmedia&parent=2374"}],"curies":[{"name":"wp","href":"https:\/\/api.w.org\/{rel}","templated":true}]}}

<p style="text-align: justify;">La titularidad del presente dominio corresponde a Ana González Madrid  con NIF 29 178 336F y cuyo domicilio es la calle Cronista Vicente Vidal, 3 de Valencia (46.023). España</p>
<p style="text-align: justify;">El nombre comercial es Flexibook.es (en adelante la editorial) y se dedica a la “edición de libros por encargo” como refleja el alta en el epígrafe 476.1 del IAE. Si desea ponerse en contacto con la editorial puede hacerlo a través del correo: www.flexibook.es o en el teléfono 601.101.849</p>
<p style="text-align: justify;"><strong>Sobre el Aviso Legal</strong></p>
<p style="text-align: justify;">El objeto de este aviso legal es presentar las condiciones generales que regulan el acceso, navegación y uso del sitio web, así como las responsabilidades derivadas de la utilización de sus contenidos.</p>
<p style="text-align: justify;">Adicionalmente a estas condiciones generales, LA EDITORIAL podrá establecer condiciones particulares que regulen la utilización o contratación de servicios específicos ofrecidos a través de su web. En caso de discrepancia entre lo que se establece en estas condiciones generales y las condiciones particulares de un servicio, prevalecerá lo dispuesto en estas últimas.</p>
<p style="text-align: justify;">Al utilizar este sitio web usted acepta los términos y condiciones que a continuación se establecen, y se hace responsable de la capacidad legal para celebrar y responder por el siguiente contrato.</p>
<p style="text-align: justify;"><strong>Uso de este sitito web, sus contenidos y servicios</strong></p>
<p style="text-align: justify;">El Usuario se compromete a utilizar este sitio web y sus servicios y contenidos de forma correcta y lícita, de acuerdo con la legislación vigente, la buena fe, los usos generalmente aceptados y el orden público. En caso contrario se verá obligado a indemnizar a La EDITORIAL por los daños que le pueda ocasionar.</p>
<p style="text-align: justify;">Se obliga asimismo a no realizar a través de los servicios que ofrece la web, actividades publicitarias o de explotación comercial y a no remitir mensajes utilizando una identidad falsa.</p>
<p style="text-align: justify;">Deberá respetar las restricciones de uso de la web y de los servicios ofertados por LA EDITORIAL en cada momento. De ahí, que no podrá acceder a áreas restringidas sin cumplir con las condiciones exigidas para dicho acceso.</p>
<p style="text-align: justify;">LA EDITORIAL no garantiza la licitud, fiabilidad y utilidad de los contenidos que los usuarios transmitan a la web, así como su veracidad o exactitud, ni el uso que los usuarios hacen del portal.</p>
<p style="text-align: justify;">Tampoco puede garantizar la ausencia de virus informáticos en los servicios prestados por terceros, que puedan producir alteraciones en su sistema informático (software y hardware) o en los documentos y ficheros electrónicos almacenados en sus equipos. Los dispositivos de enlace que la web pone a disposición de los usuarios tienen por único objeto facilitar a los mismos la búsqueda de la información disponible en Internet.</p>
<p style="text-align: justify;">La Editorial podrá interrumpir el servicio de la web que esté siendo utilizado por el usuario y resolver de modo inmediato su relación, si detecta un uso de dicha web o de cualquiera de los servicios que en el mismo se ofertan que pueda considerar contrario a las presentes Condiciones Generales.</p>
<p style="text-align: justify;">Se reserva el derecho de dejar de prestar cualquiera de los servicios ofrecidos, bastando para ello comunicarlo en la pantalla de acceso al servicio. Se reserva, asimismo, el derecho de modificar unilateralmente, en cualquier momento y sin previo aviso, la presentación y condiciones, así como los servicios ofertados y las condiciones requeridas para su utilización.</p>
<p style="text-align: justify;">La Editorial podrá, en cualquier momento, modificar las presentes Condiciones Generales o introducir nuevas condiciones de uso de la web y/ o de los servicios en él ofertados, incluido el cese de la gratuidad. Dichas modificaciones sólo serán de aplicación a partir de su entrada en vigor.</p>
<p style="text-align: justify;">Las partes, con expresa renuncia a su propio fuero, aceptan como legislación rectora del presente contrato, la española ya que esta editorial no presta servicios fuera del ambito nacional, y se someten para la resolución de cuantos litigios pudieran derivarse del mismo a los Juzgados y Tribunales de Valencia.</p>
<p style="text-align: justify;"><strong>PROTECCIÓN DE DATOS</strong></p>
<p style="text-align: justify;">De acuerdo con la Ley Orgánica de Protección de Datos de Carácter Personal (LO 15/1999 de 13 de diciembre), los datos proporcionados por los clientes se incorporaran a un fichero cuyo nombre es “Formulario Fichero” y que aparece debidamente inscrito en la “Agencia Española de Protección de Datos” con el código de inscripción nº 2132420773.</p>
<p style="text-align: justify;">El uso del citado fichero tiene como única finalidad, garantizar un correcto proceso de las transacciones y compras realizadas, su envío y la correspondiente facturación. De ahí, que presta su consentimiento para que ciertos datos puedan ser comunicados a las empresas de mensajería o el servicio postal, con los que trabaja la editorial, con el fin de poder remitirles los libros.</p>
<p style="text-align: justify;">De conformidad con la citada LO 15/1999, de 13 de diciembre, de Protección de Datos de Carácter Personal, le informamos de que cuenta con los derechos de acceso, rectificación y cancelación, así como la posibilidad de revocar su consentimiento para el envío de información sobre nuestras actividades, poniéndose en contacto a través del correo electrónico a info@flexibook.es o por carta a la dirección, C/ Cronista Vicente Vidal, 3 Valencia (46023) Tel. 601.101.849</p>

<p>La titularidad del presente dominio corresponde a Ana González Madrid  con NIF 29 178 336F y cuyo domicilio es la calle Cronista Vicente Vidal, 3 de Valencia (46.023). España El nombre comercial es Flexibook.es (en adelante la editorial) y se dedica a la “edición de libros por encargo” como refleja el alta en el epígrafe [&hellip;]</p>
