{"id":6262,"date":"2018-03-23T10:17:52","date_gmt":"2018-03-23T09:17:52","guid":{"rendered":"https:\/\/www.flexibook.es\/?page_id=6262"},"modified":"2025-08-26T09:44:12","modified_gmt":"2025-08-26T07:44:12","slug":"recursos-fol","status":"publish","type":"page","link":"https:\/\/www.flexibook.es\/?page_id=6262","title":{"rendered":"RECURSOS FOL (Clic@ en las unidades)"},"content":{"rendered":"<p>[et_pb_section fb_built=\u00bb1&#8243; admin_label=\u00bbsection\u00bb _builder_version=\u00bb3.22&#8243; global_colors_info=\u00bb{}\u00bb][et_pb_row _builder_version=\u00bb3.25&#8243; background_size=\u00bb%22%22%22%22%22initial%22%22%22%22%22&#8243; background_position=\u00bb%22%22%22%22%22top_left%22%22%22%22%22&#8243; background_repeat=\u00bb%22%22%22%22%22repeat%22%22%22%22%22&#8243; global_colors_info=\u00bb{}\u00bb][et_pb_column type=\u00bb4_4&#8243; _builder_version=\u00bb3.25&#8243; custom_padding=\u00bb|||\u00bb global_colors_info=\u00bb{}\u00bb custom_padding__hover=\u00bb|||\u00bb][et_pb_text _builder_version=\u00bb4.9.11&#8243; background_size=\u00bb%22%22%22%22%22initial%22%22%22%22%22&#8243; background_position=\u00bb%22%22%22%22%22top_left%22%22%22%22%22&#8243; background_repeat=\u00bb%22%22%22%22%22repeat%22%22%22%22%22&#8243; text_orientation=\u00bbcenter\u00bb module_alignment=\u00bbcenter\u00bb use_border_color=\u00bboff\u00bb border_color=\u00bb#ffffff\u00bb border_style=\u00bbsolid\u00bb global_colors_info=\u00bb{}\u00bb]<\/p>\n<h1 style=\"text-align: center;\"><strong>RECURSOS IPEI<\/strong><\/h1>\n<p>[\/et_pb_text][et_pb_text _builder_version=\u00bb3.27.4&#8243; animation_style=\u00bbfade\u00bb global_colors_info=\u00bb{}\u00bb]<\/p>\n<p><strong>\u00bfQuieres que compartamos alg\u00fan otro recurso IPEI que consideres de utilidad para los alumnos? Env\u00edanoslo para que lo subamos a la web <\/strong><\/p>\n<ul>\n<li>Env\u00eda un correo indicando el recurso y a que unidad pertenece a <a href=\"mailto:info@flexibooks.es\">info@flexibooks.es <\/a><\/li>\n<li>Incluye un t\u00edtulo y una peque\u00f1a rese\u00f1a<\/li>\n<li>Ind\u00edcanos tu nombre y apellido para ponerte como autor<\/li>\n<\/ul>\n<p>[\/et_pb_text][\/et_pb_column][\/et_pb_row][et_pb_row column_structure=\u00bb1_4,1_4,1_4,1_4&#8243; admin_label=\u00bbrow\u00bb _builder_version=\u00bb3.25&#8243; background_size=\u00bb%22%22%22%22%22initial%22%22%22%22%22&#8243; background_position=\u00bb%22%22%22%22%22top_left%22%22%22%22%22&#8243; background_repeat=\u00bb%22%22%22%22%22repeat%22%22%22%22%22&#8243; global_colors_info=\u00bb{}\u00bb][et_pb_column type=\u00bb1_4&#8243; _builder_version=\u00bb3.25&#8243; custom_padding=\u00bb|||\u00bb global_colors_info=\u00bb{}\u00bb custom_padding__hover=\u00bb|||\u00bb][et_pb_image src=\u00bbhttps:\/\/www.flexibook.es\/wp-content\/uploads\/2025\/08\/1-1.jpg\u00bb title_text=\u00bb1&#8243; url=\u00bbhttps:\/\/www.flexibook.es\/?page_id=6654&#8243; align_tablet=\u00bbcenter\u00bb align_phone=\u00bb\u00bb align_last_edited=\u00bbon|desktop\u00bb _builder_version=\u00bb4.9.11&#8243; animation_style=\u00bbslide\u00bb animation_direction=\u00bbleft\u00bb animation_duration=\u00bb500ms\u00bb animation_intensity_slide=\u00bb10%\u00bb use_border_color=\u00bboff\u00bb global_colors_info=\u00bb{}\u00bb][\/et_pb_image][et_pb_text _builder_version=\u00bb4.9.11&#8243; custom_margin=\u00bb0px|||\u00bb custom_padding=\u00bb0px||10px|\u00bb border_radii=\u00bb|0px|0px|0px|0px\u00bb border_color_all=\u00bb#d8d8d8&#8243; border_width_bottom=\u00bb1px\u00bb border_color_bottom=\u00bb#d1d1d1&#8243; global_colors_info=\u00bb{}\u00bb]<\/p>\n<p style=\"text-align: center;\">Recursos Unidad 1<br \/>Salud y Trabajo<\/p>\n<p>[\/et_pb_text][\/et_pb_column][et_pb_column type=\u00bb1_4&#8243; _builder_version=\u00bb4.9.11&#8243; _module_preset=\u00bbdefault\u00bb global_colors_info=\u00bb{}\u00bb][et_pb_image src=\u00bbhttps:\/\/www.flexibook.es\/wp-content\/uploads\/2025\/08\/2-1.jpg\u00bb title_text=\u00bb2&#8243; url=\u00bbhttps:\/\/www.flexibook.es\/?page_id=6656&#8243; align_tablet=\u00bbcenter\u00bb align_phone=\u00bb\u00bb align_last_edited=\u00bbon|desktop\u00bb _builder_version=\u00bb4.9.11&#8243; animation_style=\u00bbslide\u00bb animation_direction=\u00bbleft\u00bb animation_duration=\u00bb500ms\u00bb animation_intensity_slide=\u00bb10%\u00bb use_border_color=\u00bboff\u00bb global_colors_info=\u00bb{}\u00bb][\/et_pb_image][et_pb_text _builder_version=\u00bb4.9.11&#8243; custom_margin=\u00bb0px|||\u00bb custom_padding=\u00bb0px||10px|\u00bb border_radii=\u00bb|0px|0px|0px|0px\u00bb border_color_all=\u00bb#d8d8d8&#8243; border_width_bottom=\u00bb1px\u00bb border_color_bottom=\u00bb#d1d1d1&#8243; global_colors_info=\u00bb{}\u00bb]<\/p>\n<p style=\"text-align: center;\">Recursos Unidad 2<br \/>Factores de Riesgo Laboral<\/p>\n<p>[\/et_pb_text][\/et_pb_column][et_pb_column type=\u00bb1_4&#8243; _builder_version=\u00bb3.25&#8243; custom_padding=\u00bb|||\u00bb global_colors_info=\u00bb{}\u00bb custom_padding__hover=\u00bb|||\u00bb][et_pb_image src=\u00bbhttps:\/\/www.flexibook.es\/wp-content\/uploads\/2025\/08\/3-2.jpg\u00bb title_text=\u00bb3&#8243; url=\u00bbhttps:\/\/www.flexibook.es\/?page_id=6660&#8243; align_tablet=\u00bbcenter\u00bb align_phone=\u00bb\u00bb align_last_edited=\u00bbon|desktop\u00bb _builder_version=\u00bb4.9.11&#8243; animation_style=\u00bbslide\u00bb animation_direction=\u00bbleft\u00bb animation_duration=\u00bb500ms\u00bb animation_intensity_slide=\u00bb10%\u00bb use_border_color=\u00bboff\u00bb global_colors_info=\u00bb{}\u00bb][\/et_pb_image][et_pb_text _builder_version=\u00bb4.9.11&#8243; custom_margin=\u00bb0px|||\u00bb custom_padding=\u00bb0px||10px|\u00bb border_radii=\u00bb|0px|0px|0px|0px\u00bb border_color_all=\u00bb#d8d8d8&#8243; border_width_bottom=\u00bb1px\u00bb border_color_bottom=\u00bb#d1d1d1&#8243; global_colors_info=\u00bb{}\u00bb]<\/p>\n<p style=\"text-align: center;\">Recursos Unidad 3<br \/>Da\u00f1os derivados del Trabajo<\/p>\n<p>[\/et_pb_text][\/et_pb_column][et_pb_column type=\u00bb1_4&#8243; _builder_version=\u00bb3.25&#8243; custom_padding=\u00bb|||\u00bb global_colors_info=\u00bb{}\u00bb custom_padding__hover=\u00bb|||\u00bb][et_pb_image src=\u00bbhttps:\/\/www.flexibook.es\/wp-content\/uploads\/2025\/08\/4-1.jpg\u00bb title_text=\u00bb4&#8243; url=\u00bbhttps:\/\/www.flexibook.es\/?page_id=6664&#8243; align_tablet=\u00bbcenter\u00bb align_phone=\u00bb\u00bb align_last_edited=\u00bbon|desktop\u00bb _builder_version=\u00bb4.9.11&#8243; animation_style=\u00bbslide\u00bb animation_direction=\u00bbleft\u00bb animation_duration=\u00bb500ms\u00bb animation_intensity_slide=\u00bb10%\u00bb use_border_color=\u00bboff\u00bb global_colors_info=\u00bb{}\u00bb][\/et_pb_image][et_pb_text _builder_version=\u00bb3.27.4&#8243; custom_margin=\u00bb0px|||\u00bb custom_padding=\u00bb0px||10px|\u00bb border_radii=\u00bb|0px|0px|0px|0px\u00bb border_color_all=\u00bb#d8d8d8&#8243; border_width_bottom=\u00bb1px\u00bb border_color_bottom=\u00bb#d1d1d1&#8243; global_colors_info=\u00bb{}\u00bb]<\/p>\n<p style=\"text-align: center;\">Recursos Unidad 4<br \/>Planificaci\u00f3n de la Prevenci\u00f3n<\/p>\n<p>[\/et_pb_text][\/et_pb_column][\/et_pb_row][et_pb_row column_structure=\u00bb1_4,1_4,1_4,1_4&#8243; admin_label=\u00bbrow\u00bb _builder_version=\u00bb3.25&#8243; background_size=\u00bb%22%22%22%22%22initial%22%22%22%22%22&#8243; background_position=\u00bb%22%22%22%22%22top_left%22%22%22%22%22&#8243; background_repeat=\u00bb%22%22%22%22%22repeat%22%22%22%22%22&#8243; global_colors_info=\u00bb{}\u00bb][et_pb_column type=\u00bb1_4&#8243; _builder_version=\u00bb3.25&#8243; custom_padding=\u00bb|||\u00bb global_colors_info=\u00bb{}\u00bb custom_padding__hover=\u00bb|||\u00bb][et_pb_image src=\u00bbhttps:\/\/www.flexibook.es\/wp-content\/uploads\/2025\/08\/5-1.jpg\u00bb title_text=\u00bb5&#8243; url=\u00bbhttps:\/\/www.flexibook.es\/?page_id=6666&#8243; align_tablet=\u00bbcenter\u00bb align_phone=\u00bb\u00bb align_last_edited=\u00bbon|desktop\u00bb _builder_version=\u00bb4.9.11&#8243; animation_style=\u00bbslide\u00bb animation_direction=\u00bbleft\u00bb animation_duration=\u00bb500ms\u00bb animation_intensity_slide=\u00bb10%\u00bb use_border_color=\u00bboff\u00bb global_colors_info=\u00bb{}\u00bb][\/et_pb_image][et_pb_text _builder_version=\u00bb3.27.4&#8243; custom_margin=\u00bb0px|||\u00bb custom_padding=\u00bb0px||10px|\u00bb border_radii=\u00bb|0px|0px|0px|0px\u00bb border_color_all=\u00bb#d8d8d8&#8243; border_width_bottom=\u00bb1px\u00bb border_color_bottom=\u00bb#d1d1d1&#8243; global_colors_info=\u00bb{}\u00bb]<\/p>\n<p style=\"text-align: center;\">Recursos Unidad 5<br \/>Primeros Auxilios<\/p>\n<p>[\/et_pb_text][\/et_pb_column][et_pb_column type=\u00bb1_4&#8243; _builder_version=\u00bb4.9.11&#8243; _module_preset=\u00bbdefault\u00bb global_colors_info=\u00bb{}\u00bb][et_pb_image src=\u00bbhttps:\/\/www.flexibook.es\/wp-content\/uploads\/2025\/08\/6-1.jpg\u00bb title_text=\u00bb6&#8243; url=\u00bbhttps:\/\/www.flexibook.es\/?page_id=6628&#8243; align_tablet=\u00bbcenter\u00bb align_phone=\u00bb\u00bb align_last_edited=\u00bbon|desktop\u00bb _builder_version=\u00bb4.9.11&#8243; animation_style=\u00bbslide\u00bb animation_direction=\u00bbleft\u00bb animation_duration=\u00bb500ms\u00bb animation_intensity_slide=\u00bb10%\u00bb use_border_color=\u00bboff\u00bb global_colors_info=\u00bb{}\u00bb][\/et_pb_image][et_pb_text _builder_version=\u00bb3.27.4&#8243; custom_margin=\u00bb0px|||\u00bb custom_padding=\u00bb0px||10px|\u00bb border_radii=\u00bb|0px|0px|0px|0px\u00bb border_color_all=\u00bb#d8d8d8&#8243; border_width_bottom=\u00bb1px\u00bb border_color_bottom=\u00bb#d1d1d1&#8243; global_colors_info=\u00bb{}\u00bb]<\/p>\n<p style=\"text-align: center;\">Recursos Unidad 6<br \/>Derecho del Trabajo<\/p>\n<p>[\/et_pb_text][\/et_pb_column][et_pb_column type=\u00bb1_4&#8243; _builder_version=\u00bb3.25&#8243; custom_padding=\u00bb|||\u00bb global_colors_info=\u00bb{}\u00bb custom_padding__hover=\u00bb|||\u00bb][et_pb_image src=\u00bbhttps:\/\/www.flexibook.es\/wp-content\/uploads\/2025\/08\/7-1.jpg\u00bb title_text=\u00bb7&#8243; url=\u00bbhttps:\/\/www.flexibook.es\/?page_id=6631&#8243; align_tablet=\u00bbcenter\u00bb align_phone=\u00bb\u00bb align_last_edited=\u00bbon|desktop\u00bb _builder_version=\u00bb4.9.11&#8243; animation_style=\u00bbslide\u00bb animation_direction=\u00bbleft\u00bb animation_duration=\u00bb500ms\u00bb animation_intensity_slide=\u00bb10%\u00bb use_border_color=\u00bboff\u00bb global_colors_info=\u00bb{}\u00bb][\/et_pb_image][et_pb_text _builder_version=\u00bb3.27.4&#8243; custom_margin=\u00bb0px|||\u00bb custom_padding=\u00bb0px||10px|\u00bb border_radii=\u00bb|0px|0px|0px|0px\u00bb border_color_all=\u00bb#d8d8d8&#8243; border_width_bottom=\u00bb1px\u00bb border_color_bottom=\u00bb#d1d1d1&#8243; global_colors_info=\u00bb{}\u00bb]<\/p>\n<p style=\"text-align: center;\">Recursos Unidad 7<br \/>El contrato de trabajo<\/p>\n<p>[\/et_pb_text][\/et_pb_column][et_pb_column type=\u00bb1_4&#8243; _builder_version=\u00bb3.25&#8243; custom_padding=\u00bb|||\u00bb global_colors_info=\u00bb{}\u00bb custom_padding__hover=\u00bb|||\u00bb][et_pb_image src=\u00bbhttps:\/\/www.flexibook.es\/wp-content\/uploads\/2025\/08\/8-1.jpg\u00bb title_text=\u00bb8&#8243; url=\u00bbhttps:\/\/www.flexibook.es\/?page_id=6636&#8243; align_tablet=\u00bbcenter\u00bb align_phone=\u00bb\u00bb align_last_edited=\u00bbon|desktop\u00bb _builder_version=\u00bb4.9.11&#8243; animation_style=\u00bbslide\u00bb animation_direction=\u00bbleft\u00bb animation_duration=\u00bb500ms\u00bb animation_intensity_slide=\u00bb10%\u00bb use_border_color=\u00bboff\u00bb global_colors_info=\u00bb{}\u00bb][\/et_pb_image][et_pb_text _builder_version=\u00bb3.27.4&#8243; custom_margin=\u00bb0px|||\u00bb custom_padding=\u00bb0px||10px|\u00bb border_radii=\u00bb|0px|0px|0px|0px\u00bb border_color_all=\u00bb#d8d8d8&#8243; border_width_bottom=\u00bb1px\u00bb border_color_bottom=\u00bb#d1d1d1&#8243; global_colors_info=\u00bb{}\u00bb]<\/p>\n<p style=\"text-align: center;\">Recursos Unidad 8<br \/>La jornada de trabajo<\/p>\n<p>[\/et_pb_text][\/et_pb_column][\/et_pb_row][et_pb_row column_structure=\u00bb1_4,1_4,1_4,1_4&#8243; admin_label=\u00bbrow\u00bb _builder_version=\u00bb3.25&#8243; background_size=\u00bb%22%22%22%22%22initial%22%22%22%22%22&#8243; background_position=\u00bb%22%22%22%22%22top_left%22%22%22%22%22&#8243; background_repeat=\u00bb%22%22%22%22%22repeat%22%22%22%22%22&#8243; global_colors_info=\u00bb{}\u00bb][et_pb_column type=\u00bb1_4&#8243; _builder_version=\u00bb3.25&#8243; custom_padding=\u00bb|||\u00bb global_colors_info=\u00bb{}\u00bb custom_padding__hover=\u00bb|||\u00bb][et_pb_image src=\u00bbhttps:\/\/www.flexibook.es\/wp-content\/uploads\/2025\/08\/9-1.jpg\u00bb title_text=\u00bb9&#8243; url=\u00bbhttps:\/\/www.flexibook.es\/?page_id=6639&#8243; align_tablet=\u00bbcenter\u00bb align_phone=\u00bb\u00bb align_last_edited=\u00bbon|desktop\u00bb _builder_version=\u00bb4.9.11&#8243; animation_style=\u00bbslide\u00bb animation_direction=\u00bbleft\u00bb animation_duration=\u00bb500ms\u00bb animation_intensity_slide=\u00bb10%\u00bb use_border_color=\u00bboff\u00bb global_colors_info=\u00bb{}\u00bb][\/et_pb_image][et_pb_text _builder_version=\u00bb3.27.4&#8243; custom_margin=\u00bb0px|||\u00bb custom_padding=\u00bb0px||10px|\u00bb border_radii=\u00bb|0px|0px|0px|0px\u00bb border_color_all=\u00bb#d8d8d8&#8243; border_width_bottom=\u00bb1px\u00bb border_color_bottom=\u00bb#d1d1d1&#8243; global_colors_info=\u00bb{}\u00bb]<\/p>\n<p style=\"text-align: center;\">Recursos Unidad 9<br \/>El salario y la n\u00f3mina<\/p>\n<p>[\/et_pb_text][\/et_pb_column][et_pb_column type=\u00bb1_4&#8243; _builder_version=\u00bb3.25&#8243; custom_padding=\u00bb|||\u00bb global_colors_info=\u00bb{}\u00bb custom_padding__hover=\u00bb|||\u00bb][et_pb_image src=\u00bbhttps:\/\/www.flexibook.es\/wp-content\/uploads\/2025\/08\/10-1.jpg\u00bb title_text=\u00bb10&#8243; url=\u00bbhttps:\/\/www.flexibook.es\/?page_id=6643&#8243; align_tablet=\u00bbcenter\u00bb align_phone=\u00bb\u00bb align_last_edited=\u00bbon|desktop\u00bb _builder_version=\u00bb4.9.11&#8243; animation_style=\u00bbslide\u00bb animation_direction=\u00bbleft\u00bb animation_duration=\u00bb500ms\u00bb animation_intensity_slide=\u00bb10%\u00bb use_border_color=\u00bboff\u00bb global_colors_info=\u00bb{}\u00bb][\/et_pb_image][et_pb_text _builder_version=\u00bb3.27.4&#8243; custom_margin=\u00bb0px|||\u00bb custom_padding=\u00bb0px||10px|\u00bb border_radii=\u00bb|0px|0px|0px|0px\u00bb border_color_all=\u00bb#d8d8d8&#8243; border_width_bottom=\u00bb1px\u00bb border_color_bottom=\u00bb#d1d1d1&#8243; global_colors_info=\u00bb{}\u00bb]<\/p>\n<p style=\"text-align: center;\">Recursos Unidad 10<br \/>Modificaci\u00f3n,suspensi\u00f3n y extinci\u00f3n del contrato<\/p>\n<p>[\/et_pb_text][\/et_pb_column][et_pb_column type=\u00bb1_4&#8243; _builder_version=\u00bb4.9.11&#8243; _module_preset=\u00bbdefault\u00bb global_colors_info=\u00bb{}\u00bb][et_pb_image src=\u00bbhttps:\/\/www.flexibook.es\/wp-content\/uploads\/2025\/08\/11-1.jpg\u00bb title_text=\u00bb11&#8243; url=\u00bbhttps:\/\/www.flexibook.es\/?page_id=6650&#8243; align_tablet=\u00bbcenter\u00bb align_phone=\u00bb\u00bb align_last_edited=\u00bbon|desktop\u00bb _builder_version=\u00bb4.9.11&#8243; animation_style=\u00bbslide\u00bb animation_direction=\u00bbleft\u00bb animation_duration=\u00bb500ms\u00bb animation_intensity_slide=\u00bb10%\u00bb use_border_color=\u00bboff\u00bb global_colors_info=\u00bb{}\u00bb][\/et_pb_image][et_pb_text _builder_version=\u00bb3.27.4&#8243; custom_margin=\u00bb0px|||\u00bb custom_padding=\u00bb0px||10px|\u00bb border_radii=\u00bb|0px|0px|0px|0px\u00bb border_color_all=\u00bb#d8d8d8&#8243; border_width_bottom=\u00bb1px\u00bb border_color_bottom=\u00bb#d1d1d1&#8243; global_colors_info=\u00bb{}\u00bb]<\/p>\n<p style=\"text-align: center;\">Recursos Unidad 11<br \/>Seguridad Social<\/p>\n<p>[\/et_pb_text][\/et_pb_column][et_pb_column type=\u00bb1_4&#8243; _builder_version=\u00bb3.25&#8243; custom_padding=\u00bb|||\u00bb global_colors_info=\u00bb{}\u00bb custom_padding__hover=\u00bb|||\u00bb][et_pb_image src=\u00bbhttps:\/\/www.flexibook.es\/wp-content\/uploads\/2025\/08\/12.jpg\u00bb _builder_version=\u00bb4.9.11&#8243; _module_preset=\u00bbdefault\u00bb hover_enabled=\u00bb0&#8243; sticky_enabled=\u00bb0&#8243; title_text=\u00bb12&#8243;][\/et_pb_image][et_pb_text _builder_version=\u00bb4.9.11&#8243; custom_margin=\u00bb0px|||\u00bb custom_padding=\u00bb0px||10px|\u00bb border_radii=\u00bb|0px|0px|0px|0px\u00bb border_color_all=\u00bb#d8d8d8&#8243; border_width_bottom=\u00bb1px\u00bb border_color_bottom=\u00bb#d1d1d1&#8243; global_colors_info=\u00bb{}\u00bb]<\/p>\n<p style=\"text-align: center;\">Recursos Unidad 12\u00a0<br \/>Tu itinerario Profesional<\/p>\n<p>[\/et_pb_text][\/et_pb_column][\/et_pb_row][et_pb_row _builder_version=\u00bb4.9.11&#8243; _module_preset=\u00bbdefault\u00bb column_structure=\u00bb1_4,1_4,1_4,1_4&#8243;][et_pb_column _builder_version=\u00bb4.9.11&#8243; _module_preset=\u00bbdefault\u00bb type=\u00bb1_4&#8243;][et_pb_image src=\u00bbhttps:\/\/www.flexibook.es\/wp-content\/uploads\/2025\/08\/13.jpg\u00bb _builder_version=\u00bb4.9.11&#8243; _module_preset=\u00bbdefault\u00bb hover_enabled=\u00bb0&#8243; sticky_enabled=\u00bb0&#8243; title_text=\u00bb13&#8243;][\/et_pb_image][et_pb_text _builder_version=\u00bb4.9.11&#8243; custom_margin=\u00bb0px|||\u00bb custom_padding=\u00bb0px||10px|\u00bb hover_enabled=\u00bb0&#8243; border_radii=\u00bb|0px|0px|0px|0px\u00bb border_color_all=\u00bb#d8d8d8&#8243; border_width_bottom=\u00bb1px\u00bb border_color_bottom=\u00bb#d1d1d1&#8243; global_colors_info=\u00bb{}\u00bb sticky_enabled=\u00bb0&#8243;]<\/p>\n<p style=\"text-align: center;\">Recursos Unidad 13<br \/>La FP como impulsora de la inserci\u00f3n profesional<\/p>\n<p>[\/et_pb_text][\/et_pb_column][et_pb_column _builder_version=\u00bb4.9.11&#8243; _module_preset=\u00bbdefault\u00bb type=\u00bb1_4&#8243;][et_pb_image src=\u00bbhttps:\/\/www.flexibook.es\/wp-content\/uploads\/2025\/08\/14.jpg\u00bb _builder_version=\u00bb4.9.11&#8243; _module_preset=\u00bbdefault\u00bb title_text=\u00bb14&#8243; hover_enabled=\u00bb0&#8243; sticky_enabled=\u00bb0&#8243;][\/et_pb_image][et_pb_text _builder_version=\u00bb4.9.11&#8243; custom_margin=\u00bb0px|||\u00bb custom_padding=\u00bb0px||10px|\u00bb hover_enabled=\u00bb0&#8243; border_radii=\u00bb|0px|0px|0px|0px\u00bb border_color_all=\u00bb#d8d8d8&#8243; border_width_bottom=\u00bb1px\u00bb border_color_bottom=\u00bb#d1d1d1&#8243; global_colors_info=\u00bb{}\u00bb sticky_enabled=\u00bb0&#8243;]<\/p>\n<p style=\"text-align: center;\">Recursos Unidad 14<br \/>La competencia digital en la empleabilidad<\/p>\n<p>[\/et_pb_text][\/et_pb_column][et_pb_column _builder_version=\u00bb4.9.11&#8243; _module_preset=\u00bbdefault\u00bb type=\u00bb1_4&#8243;][\/et_pb_column][et_pb_column _builder_version=\u00bb4.9.11&#8243; _module_preset=\u00bbdefault\u00bb type=\u00bb1_4&#8243;][\/et_pb_column][\/et_pb_row][\/et_pb_section]<\/p>\n","protected":false},"excerpt":{"rendered":"<p>RECURSOS IPEI\u00bfQuieres que compartamos alg\u00fan otro recurso IPEI que consideres de utilidad para los alumnos? Env\u00edanoslo para que lo subamos a la web Env\u00eda un correo indicando el recurso y a que unidad pertenece a info@flexibooks.es Incluye un t\u00edtulo y una peque\u00f1a rese\u00f1a Ind\u00edcanos tu nombre y apellido para ponerte como autor Recursos Unidad 1Salud [&hellip;]<\/p>\n","protected":false},"author":183,"featured_media":0,"parent":0,"menu_order":0,"comment_status":"closed","ping_status":"closed","template":"","meta":{"_et_pb_use_builder":"on","_et_pb_old_content":"","_et_gb_content_width":"","footnotes":""},"class_list":["post-6262","page","type-page","status-publish","hentry"],"_links":{"self":[{"href":"https:\/\/www.flexibook.es\/index.php?rest_route=\/wp\/v2\/pages\/6262","targetHints":{"allow":["GET"]}}],"collection":[{"href":"https:\/\/www.flexibook.es\/index.php?rest_route=\/wp\/v2\/pages"}],"about":[{"href":"https:\/\/www.flexibook.es\/index.php?rest_route=\/wp\/v2\/types\/page"}],"author":[{"embeddable":true,"href":"https:\/\/www.flexibook.es\/index.php?rest_route=\/wp\/v2\/users\/183"}],"replies":[{"embeddable":true,"href":"https:\/\/www.flexibook.es\/index.php?rest_route=%2Fwp%2Fv2%2Fcomments&post=6262"}],"version-history":[{"count":26,"href":"https:\/\/www.flexibook.es\/index.php?rest_route=\/wp\/v2\/pages\/6262\/revisions"}],"predecessor-version":[{"id":15699,"href":"https:\/\/www.flexibook.es\/index.php?rest_route=\/wp\/v2\/pages\/6262\/revisions\/15699"}],"wp:attachment":[{"href":"https:\/\/www.flexibook.es\/index.php?rest_route=%2Fwp%2Fv2%2Fmedia&parent=6262"}],"curies":[{"name":"wp","href":"https:\/\/api.w.org\/{rel}","templated":true}]}}