{"id":10433,"date":"2021-04-22T10:24:25","date_gmt":"2021-04-22T08:24:25","guid":{"rendered":"https:\/\/www.flexibook.es\/?post_type=product&#038;p=10433"},"modified":"2026-02-19T22:42:57","modified_gmt":"2026-02-19T21:42:57","slug":"promocion-de-la-autonomia-personal-y-social-version-valenciano","status":"publish","type":"product","link":"https:\/\/www.flexibook.es\/?product=promocion-de-la-autonomia-personal-y-social-version-valenciano","title":{"rendered":"Promoci\u00f3 de l\u00b4Autonomia Personal (Versi\u00f3 en Valenci\u00e0)"},"content":{"rendered":"<p style=\"text-align: center;\">Promoci\u00f3 de l\u00b4Autonomia Personal i Social<\/p>\n<div style=\"text-align: center;\">Aquest manual est\u00e0 dirigit als alumnes del m\u00f2dul de \u00abPromoci\u00f3 de l&#8217;Autonomia Personal i Social\u00bb, i a qualsevol professional que es vaja a dedicar a l&#8217;atenci\u00f3 de persones en situaci\u00f3 de depend\u00e8ncia.\u00a0<b><br \/>\n<\/b><\/div>\n<div><\/div>\n<p style=\"text-align: center;\"><strong>ISBN 978-84-09-53679-5<\/strong><\/p>\n<p style=\"text-align: center;\">PRESENTACI\u00d3 M\u00d2DUL PAPS VAL\u00c8NCIA<\/p>\n<div style=\"text-align: center;\">\n<div style=\"margin: 8px 0px 4px;\"><iframe loading=\"lazy\" style=\"margin: 0 auto;\" src=\"\/\/v.calameo.com\/?bkcode=0024466101a3e8a01d3ae&amp;mode=mini\" width=\"480\" height=\"300\" frameborder=\"0\" scrolling=\"no\" allowfullscreen=\"allowfullscreen\"><\/iframe><\/div>\n<\/div>\n","protected":false},"excerpt":{"rendered":"<p>Promoci\u00f3 de l\u00b4Autonomia Personal i Social Aquest manual est\u00e0 dirigit als alumnes del m\u00f2dul de \u00abPromoci\u00f3 de l&#8217;Autonomia Personal i Social\u00bb, i a qualsevol professional que es vaja a dedicar a l&#8217;atenci\u00f3 de persones en situaci\u00f3 de depend\u00e8ncia.\u00a0 ISBN 978-84-09-53679-5 PRESENTACI\u00d3 M\u00d2DUL PAPS VAL\u00c8NCIA<\/p>\n","protected":false},"featured_media":13344,"comment_status":"open","ping_status":"closed","template":"","meta":{"_et_pb_use_builder":"","_et_pb_old_content":"","_et_gb_content_width":""},"product_brand":[],"product_cat":[183],"product_tag":[],"class_list":{"0":"post-10433","1":"product","2":"type-product","3":"status-publish","4":"has-post-thumbnail","6":"product_cat-sin-categorizar","8":"first","9":"instock","10":"shipping-taxable","11":"purchasable","12":"product-type-simple"},"_links":{"self":[{"href":"https:\/\/www.flexibook.es\/index.php?rest_route=\/wp\/v2\/product\/10433","targetHints":{"allow":["GET"]}}],"collection":[{"href":"https:\/\/www.flexibook.es\/index.php?rest_route=\/wp\/v2\/product"}],"about":[{"href":"https:\/\/www.flexibook.es\/index.php?rest_route=\/wp\/v2\/types\/product"}],"replies":[{"embeddable":true,"href":"https:\/\/www.flexibook.es\/index.php?rest_route=%2Fwp%2Fv2%2Fcomments&post=10433"}],"wp:featuredmedia":[{"embeddable":true,"href":"https:\/\/www.flexibook.es\/index.php?rest_route=\/wp\/v2\/media\/13344"}],"wp:attachment":[{"href":"https:\/\/www.flexibook.es\/index.php?rest_route=%2Fwp%2Fv2%2Fmedia&parent=10433"}],"wp:term":[{"taxonomy":"product_brand","embeddable":true,"href":"https:\/\/www.flexibook.es\/index.php?rest_route=%2Fwp%2Fv2%2Fproduct_brand&post=10433"},{"taxonomy":"product_cat","embeddable":true,"href":"https:\/\/www.flexibook.es\/index.php?rest_route=%2Fwp%2Fv2%2Fproduct_cat&post=10433"},{"taxonomy":"product_tag","embeddable":true,"href":"https:\/\/www.flexibook.es\/index.php?rest_route=%2Fwp%2Fv2%2Fproduct_tag&post=10433"}],"curies":[{"name":"wp","href":"https:\/\/api.w.org\/{rel}","templated":true}]}}

Promoció de l´Autonomia Personal (Versió en Valencià)

<p style="text-align: center;">Promoció de l´Autonomia Personal i Social</p>
<div style="text-align: center;">Aquest manual està dirigit als alumnes del mòdul de «Promoció de l&#8217;Autonomia Personal i Social», i a qualsevol professional que es vaja a dedicar a l&#8217;atenció de persones en situació de dependència. <b><br />
</b></div>
<div></div>
<p style="text-align: center;"><strong>ISBN 978-84-09-53679-5</strong></p>
<p style="text-align: center;">PRESENTACIÓ MÒDUL PAPS VALÈNCIA</p>
<div style="text-align: center;">
<div style="margin: 8px 0px 4px;"><iframe loading="lazy" style="margin: 0 auto;" src="//v.calameo.com/?bkcode=0024466101a3e8a01d3ae&amp;mode=mini" width="480" height="300" frameborder="0" scrolling="no" allowfullscreen="allowfullscreen"></iframe></div>
</div>

<p>Promoció de l´Autonomia Personal i Social Aquest manual està dirigit als alumnes del mòdul de «Promoció de l&#8217;Autonomia Personal i Social», i a qualsevol professional que es vaja a dedicar a l&#8217;atenció de persones en situació de dependència.  ISBN 978-84-09-53679-5 PRESENTACIÓ MÒDUL PAPS VALÈNCIA</p>
